rime factors of h.
2, 5
Let k be (4/6)/((-4)/(-174)). Suppose -k = -4*i + 3. Suppose -u + 2 = -i. List the prime factors of u.
2, 5
Suppose -4 = 5*v - 3*d - 36, 5*d + 32 = 3*v. List the prime factors of v.
2
Suppose 2*x - 3*w + 4 = -2*x, 0 = 2*x + 3*w - 16. What are the prime factors of ((-4)/4)/(x/(-26))?
13
Let o(q) = -q**3 + 6*q**2. Suppose 5*b - 39 = -2*u - 17, 5*u - 38 = -4*b. Let d be o(u). Suppose d = -y + 2*y - 3. What are the prime factors of y?
3
Suppose 2*p - i - 674 = 3*i, -3*i = -4*p + 1368. What are the prime factors of p?
3, 5, 23
Let s(r) be the second derivative of -r**4/12 + r**3/6 + 15*r**2/2 - 3*r. List the prime factors of s(0).
3, 5
Let u = 7 + -4. Suppose 0*t = 3*j - t + 9, -j - 3*t = u. What are the prime factors of -3*(0 - (-8)/j)?
2
Let m(o) = -o**3 + 4*o**2 + 6*o - 1. Let x be m(5). Suppose -d = 1, -x*u = 3*d - 73 + 8. List the prime factors of u.
17
Let w be ((-3)/5)/((-7)/(-35)). What are the prime factors of (-62)/(-3) - 1/w?
3, 7
Suppose 30*j = 31*j - 46. List the prime factors of j.
2, 23
Let v be (-8)/20 - (-8)/(-5). Let k be ((-2)/(-6))/(v/(-6)). Let s = 14 - k. List the prime factors of s.
13
Suppose -3*o + 43 = -j, 3*o - 4*j - 51 = -j. List the prime factors of o.
13
Let v(g) = -g**3 + 4*g**2 + 6*g - 3. Let q be v(5). Let w be (-4)/(q*3/(-15)). Suppose 2*r = -0*r + w. What are the prime factors of r?
5
Suppose 0 = 9*n - 890 + 152. What are the prime factors of n?
2, 41
Let y(w) = 10*w + 3. Let n be y(5). Suppose 5*h + 16 = 3*v - 50, -4*v - 5*h + n = 0. What are the prime factors of v?
17
Let o(f) = f**2 + 4*f - 6. List the prime factors of o(-7).
3, 5
Let h be (-3)/6*(0 - 2). Let l = h - 0. List the prime factors of 0 - -25 - (l + 2).
2, 11
Let w be -1*(-6 + (3 - 1)). Suppose 3*i - i - 6 = 0, -w*h - i = -43. List the prime factors of h.
2, 5
Let q be (-5)/10*(-26)/(-1). Let x be q - (3/(-3) - 0). What are the prime factors of (0 - 14)*6/x?
7
Suppose 4*y - 5*y + 3 = 0. Let o(t) = 2*t**2 - 2*t - 3. List the prime factors of o(y).
3
Let w(q) be the first derivative of q**3/3 - 2. Let h be w(-1). List the prime factors of h/(-2)*(1 + -13).
2, 3
Let a be -1*(-1 + 2)*-90. Let c = 179 - a. Suppose -29 + c = 4*u. List the prime factors of u.
3, 5
Let v = 37 + -21. Suppose 0 = -4*i + i + 4*f + 48, -v = -i + f. List the prime factors of i.
2
Let l be (-20)/(-6)*(-12)/(-10). Let i(u) = -l - 3 + u**2 - 2 - 4*u. What are the prime factors of i(7)?
2, 3
Let p be 1/(-2 - (-49)/24). Suppose 6*s - p = 4*s. What are the prime factors of 2/3 - (-100)/s?
3
Let q(s) = 3*s + 31. What are the prime factors of q(7)?
2, 13
Let s = 7 + -1. Let y = s + -4. Suppose 0 = y*n + 2*n - 36. What are the prime factors of n?
3
Suppose j - 70 = 4*y, -3*y + 62 = 2*j - 23. List the prime factors of j.
2, 5
Suppose 0 = -d + i + 4, -3*d - 4*i = -1 + 3. Suppose d*v = -v + 60. What are the prime factors of v?
2, 5
Let z be 11/(-4) + 3/(-12). What are the prime factors of 2/z*(-147)/14?
7
Suppose -3*k + 47 = -2*k. List the prime factors of k.
47
Let d(j) = j**2 - 3*j**2 + 3*j**2. What are the prime factors of d(-4)?
2
Let j(s) = -s**2 - s + 125. Let i be j(0). Suppose -i = 4*l + l. Let u = -14 - l. List the prime factors of u.
11
Let i be (-1 + -10)*(-6 - -4). Suppose 2*u - 2 - 4 = 0. Suppose -5*s = 3*q - 31, u*s - i = -s - q. What are the prime factors of s?
5
Let s(q) = -13*q + 6. List the prime factors of s(-4).
2, 29
Let c(a) be the first derivative of -6*a**2 + a + 2. List the prime factors of c(-1).
13
Suppose 0 = -2*c + 10, -b - 4*c - 9 = -31. Suppose -b*h = h - 45. What are the prime factors of h?
3, 5
Suppose 0*h = -3*h. Suppose 4*i - 5*i + 6 = h. List the prime factors of ((-3)/i + 0)*-14.
7
Let k be -2 + 4 - (-2 + 10). List the prime factors of (4/k)/((-2)/21).
7
Suppose -j - 3 = 1, 0 = 4*y - 5*j - 620. What are the prime factors of y?
2, 3, 5
Let w(d) = -d**3 - d**2 - 2. Let o = 2 - 2. Let k be w(o). Let h(c) = -7*c. List the prime factors of h(k).
2, 7
Suppose 4*l - 33 = l. Let i = 15 - l. What are the prime factors of i?
2
Let y be 28/6 + (-8)/12. Suppose -y*b - 2 - 2 = -4*s, -4*b + 38 = 3*s. What are the prime factors of s?
2, 3
Let o(k) be the first derivative of k**3/3 + 3*k**2/2 - 2*k + 1. Let c be 18/8 - 8/32. List the prime factors of o(c).
2
Let x(b) = 4*b - 9. Let p be x(10). Suppose 2*h - p + 7 = 0. List the prime factors of h.
2, 3
Suppose -4*r + 62 = -2*n - 40, 5*r - 5*n = 130. Suppose -2*u - 5*h + 17 = -0, -r = -4*u - h. List the prime factors of u.
2, 3
Let q(m) = m - 7. Let f be q(0). Let x = -2 - f. Suppose 15 - 35 = -x*b. What are the prime factors of b?
2
Let f be (-1370)/(-25) + 1/5. What are the prime factors of (-3)/(-12) + f/4?
2, 7
Suppose -p + 32 = -4*s, -5*p + 2*p + 2*s = -56. Let q = -7 - -11. What are the prime factors of (2/q)/(2/p)?
2
Let p = 105 - -9. Let y be (-2)/6 - 64/(-12). Suppose -y*g = -p + 19. What are the prime factors of g?
19
Let l(m) be the second derivative of -m + 1/3*m**3 + 3/2*m**2 + 0. What are the prime factors of l(7)?
17
Let o(c) = -2*c + 8. Let l(s) = -s. Let q(b) = -5*l(b) - o(b). What are the prime factors of q(4)?
2, 5
Suppose -4*z = -4*p + 108, -4*z - 77 = -3*p - 0*z. List the prime factors of p.
31
Let m(d) = 2*d**2 - 5*d - 5. List the prime factors of m(6).
37
Suppose 3*g = 6*g - 15. Suppose -g*l + 27 = 4*q, 4*l = 2*q + 8 - 2. What are the prime factors of q?
3
Let p(z) = 11 - 2 - 2 - z + 10. List the prime factors of p(0).
17
Let l be (-2 - -1)*-2 - 0. Let p be ((-7)/l)/(4/(-8)). Suppose -24 = -p*s + 3*s. List the prime factors of s.
2, 3
Suppose c + c + z = -16, 8 = -2*z. Let w be ((-24)/c)/(1/(-1)). What are the prime factors of (1 - w)/((-6)/(-6))?
5
Let u = -4 + 5. Let h be (-4)/(-3)*15/10. Let k = u + h. List the prime factors of k.
3
Suppose -3*y = 2*w + 1 + 2, y + 1 = -5*w. Suppose -5*g = -30 - w. What are the prime factors of 66/(-15)*(-15)/g?
11
Suppose 3*x - 4*x = -30. What are the prime factors of x?
2, 3, 5
Let r be 3 - ((-6)/(-3) - 1). Suppose a = 4 - r. Suppose -a*g + 4*m + 36 = 0, -g + 4 - 2 = 2*m. What are the prime factors of g?
2, 5
Suppose -q = 4*v - 560, v + 5*q + 74 = 214. Suppose 8 = 4*t - v. What are the prime factors of t?
37
Suppose 3*j = -5*s - 40, -s = -4*j + s - 36. Let r = j - -12. List the prime factors of r.
2
Suppose -27 - 618 = -5*w. List the prime factors of w.
3, 43
Let u be (1 - 4)*9/(-1). Suppose -f - u = -4*f. List the prime factors of f.
3
Let z = 840 + -489. What are the prime factors of z?
3, 13
Suppose 3 = 6*h - 3*h. List the prime factors of h*(-4 + 3)*-8.
2
Suppose 0 = 3*f - 47 - 43. Let j = f + 9. What are the prime factors of j?
3, 13
Let x be 266/(-6) + 1/3. Let f = -26 - x. Suppose -u - 5*q - f = 0, -2*u - 5*q - 12 = -q. What are the prime factors of u?
2
Let s(a) be the first derivative of a**4/4 - 4*a**3/3 - 2*a**2 - 3*a + 3. Let f be s(5). Suppose f = o - 4. List the prime factors of o.
2, 3
Let d(f) = f**2 - 13*f + 65. List the prime factors of d(12).
53
Let s(k) = -7*k - 3*k - 1 + 3*k - 7*k. Let h be s(-4). Suppose 46 + 9 = 5*v - 3*y, -y = 5*v - h. List the prime factors of v.
11
Let y(j) = j**2 - 5*j - 1. Suppose -2 = -2*i - 4*z, -4*i + 5*z + 49 - 19 = 0. Let a be y(i). List the prime factors of (18 - -3)/1 + a.
2, 5
List the prime factors of 570/12*(-2)/(-5).
19
Let t be -2*2*2/4. Let z(f) = -f**2 - 4*f + 1. List the prime factors of z(t).
5
Suppose 4*a - f = 903, -1132 = -5*a - f - f. What are the prime factors of a?
2, 113
Let t(g) = g + 1. Let l be t(-2). Let k = l - 0. Let u = k + 5. What are the prime factors of u?
2
Suppose 0*b - 2*f - 16 = 2*b, 20 = -2*b - 4*f. Let o be 47 - (-2)/(b/(-9)). Suppose -5*j + 3*t = -2*t - o, 5 = -t. What are the prime factors of j?
5
Suppose 17*h = 23*h - 1020. What are the prime factors of h?
2, 5, 17
Suppose t - 4 = -3*a, 5 = a + t + 1. Let g = a + 0. Suppose g = -3*x - 1 + 10. What are the prime factors of x?
3
List the prime factors of ((-610)/15)/(4/(-6)).
61
Suppose 5*g + 2*b - 217 = -b, 0 = 4*g + 2*b - 172. What are the prime factors of g?
41
Let q(d) = -94*d - 2. What are the prime factors of q(-1)?
2, 23
Let r = 5 + -7. List the prime factors of (4 + -67)/(3/r).
2, 3, 7
Suppose 2*t + 3*t - 30 = 0. Let c(r) = r**3 - 6*r**2 - r + 8. Let u be c(t). Suppose u*d - 14 = -2*m, -2*d + 